1
What is the ten thousands digit of 784082?
8
What is the millions digit of 5871266?
5
What is the hundred thousands digit of 2135521?
1
What is the millions digit of 1071750?
1
What is the hundreds digit of 3558464?
4
What is the ten thousands digit of 1047273?
4
What is the ten thousands digit of 1215022?
1
What is the thousands digit of 425675?
5
What is the hundreds digit of 25511359?
3
What is the units digit of 4097?
7
What is the tens digit of 1672929?
2
What is the tens digit of 6689670?
7
What is the hundred thousands digit of 607169?
6
What is the hundreds digit of 270137?
1
What is the hundreds digit of 27486689?
6
What is the tens digit of 12198?
9
What is the hundred thousands digit of 102808?
1
What is the hundred thousands digit of 2016570?
0
What is the ten thousands digit of 299177?
9
What is the units digit of 463277?
7
What is the tens digit of 11482065?
6
What is the units digit of 6695?
5
What is the units digit of 7781851?
1
What is the ten thousands digit of 1132828?
3
What is the thousands digit of 1936?
1
What is the thousands digit of 11292852?
2
What is the hundreds digit of 232624?
6
What is the units digit of 1897840?
0
What is the hundred thousands digit of 357525?
3
What is the ten thousands digit of 1263112?
6
What is the hundred thousands digit of 211966?
2
What is the thousands digit of 3720585?
0
What is the ten millions digit of 21825598?
2
What is the thousands digit of 3216484?
6
What is the ten millions digit of 14074843?
1
What is the tens digit of 1483201?
0
What is the hundred thousands digit of 384226?
3
What is the tens digit of 81042?
4
What is the units digit of 615419?
9
What is the thousands digit of 1096560?
6
What is the tens digit of 19286213?
1
What is the hundred thousands digit of 7491274?
4
What is the tens digit of 3918792?
9
What is the millions digit of 13599075?
3
What is the tens digit of 11570465?
6
What is the hundred thousands digit of 43140014?
1
What is the units digit of 276526?
6
What is the hundreds digit of 351263?
2
What is the hundreds digit of 36533?
5
What is the hundreds digit of 68307?
3
What is the units digit of 91883?
3
What is the ten thousands digit of 495419?
9
What is the hundreds digit of 2496148?
1
What is the thousands digit of 46782?
6
What is the thousands digit of 1970?
1
What is the hundreds digit of 256703?
7
What is the hundreds digit of 319054?
0
What is the tens digit of 14883147?
4
What is the ten thousands digit of 1907773?
0
What is the tens digit of 3685396?
9
What is the units digit of 277086?
6
What is the hundreds digit of 24367070?
0
What is the units digit of 856786?
6
What is the thousands digit of 3674328?
4
What is the hundred thousands digit of 20256083?
2
What is the tens digit of 249900?
0
What is the ten thousands digit of 1346360?
4
What is the hundreds digit of 7043535?
5
What is the millions digit of 7833144?
7
What is the tens digit of 1030862?
6
What is the millions digit of 19292754?
9
What is the thousands digit of 19071493?
1
What is the units digit of 14408?
8
What is the thousands digit of 2214006?
4
What is the tens digit of 13588289?
8
What is the hundreds digit of 6388917?
9
What is the hundreds digit of 1537365?
3
What is the hundreds digit of 881129?
1
What is the ten millions digit of 12033729?
1
What is the thousands digit of 351410?
1
What is the hundreds digit of 2022198?
1
What is the tens digit of 34732?
3
What is the thousands digit of 3943869?
3
What is the hundreds digit of 44357?
3
What is the ten thousands digit of 348264?
4
What is the ten thousands digit of 31564303?
6
What is the thousands digit of 9949788?
9
What is the thousands digit of 5700626?
0
What is the tens digit of 2668205?
0
What is the millions digit of 10466572?
0
What is the thousands digit of 407917?
7
What is the thousands digit of 192709?
2
What is the millions digit of 2333514?
2
What is the tens digit of 290098?
9
What is the hundred thousands digit of 17772218?
7
What is the ten thousands digit of 251441?
5
What is the ten thousands digit of 6070556?
7
What is the units digit of 942647?
7
What is the hundreds digit of 38039?
0
What is the units digit of 4820735?
5
What is the thousands digit of 2632605?
2
What is the hundred thousands digit of 6891791?
8
What is the millions digit of 3506659?
3
What is the tens digit of 4384782?
8
What is the ten thousands digit of 351456?
5
What is the units digit of 851171?
1
What is the hundred thousands digit of 8393013?
3
What is the hundreds digit of 6239048?
0
What is the ten thousands digit of 304782?
0
What is the units digit of 15050310?
0
What is the units digit of 2103?
3
What is the units digit of 18336371?
1
What is the hundreds digit of 916428?
4
What is the ten thousands digit of 527525?
2
What is the hundred thousands digit of 471348?
4
What is the thousands digit of 607649?
7
What is the millions digit of 19098094?
9
What is the hundreds digit of 1251324?
3
What is the hundreds digit of 72160?
1
What is the hundred thousands digit of 1200922?
2
What is the units digit of 14447524?
4
What is the units digit of 25922846?
6
What is the hundred thousands digit of 5978528?
9
What is the ten thousands digit of 187284?
8
What is the hundred thousands digit of 768732?
7
What is the hundreds digit of 5405060?
0
What is the hundreds digit of 31545147?
1
What is the thousands digit of 397973?
7
What is the thousands digit of 404458?
4
What is the thousands digit of 399734?
9
What is the tens digit of 63763?
6
What is the hundred thousands digit of 426617?
4
What is the units digit of 1394125?
5
What is the ten thousands digit of 384459?
8
What is the units digit of 8112616?
6
What is the ten thousands digit of 5758887?
5
What is the hundred thousands digit of 291659?
2
What is the ten thousands digit of 3552607?
5
What is the millions digit of 1839332?
1
What is the hundred thousands digit of 1796882?
7
What is the tens digit of 2865189?
8
What is the millions digit of 2117958?
2
What is the hundred thousands digit of 746734?
7
What is the hundreds digit of 528036?
0
What is the tens digit of 242994?
9
What is the hundred thousands digit of 573770?
5
What is the units digit of 2201299?
9
What is the units digit of 16980103?
3
What is the units digit of 4463146?
6
What is the units digit of 1015514?
4
What is the millions digit of 1214891?
1
What is the ten millions digit of 29789053?
2
What is the hundreds digit of 69197?
1
What is the hundreds digit of 262633?
6
What is the units digit of 637453?
3
What is the thousands digit of 436686?
6
What is the tens digit of 1422564?
6
What is the millions digit of 8091041?
8
What is the tens digit of 367398?
9
What is the units digit of 1191169?
9
What is the millions digit of 7575918?
7
What is the tens digit of 4764563?
6
What is the thousands digit of 51083?
1
What is the ten thousands digit of 17603121?
0
What is the tens digit of 223280?
8
What is the hundreds digit of 1305631?
6
What is the thousands digit of 2383486?
3
What is the hundreds digit of 257339?
3
What is the thousands digit of 28637?
8
What is the thousands digit of 1189419?
9
What is the ten thousands digit of 211223?
1
What is the ten thousands digit of 7347693?
4
What is the tens digit of 158121?
2
What is the hundreds digit of 27401930?
9
What is the tens digit of 1257851?
5
What is the ten millions digit of 21696991?
2
What is the units digit of 804863?
3
What is the units digit of 686882?
2
What is the hundreds digit of 691168?
1
What is the units digit of 1012148?
8
What is the thousands digit of 20551486?
1
What is the tens digit of 607003?
0
What is the hundred thousands digit of 179688?
1
What is the hundreds digit of 522586?
5
What is the tens digit of 5652347?
4
What is the millions digit of 2671381?
2
What is the tens digit of 273836?
3
What is the units digit of 628249?
9
What is the ten thousands digit of 198708?
9
What is the thousands digit of 3357648?
7
What is the hundreds digit of 476072?
0
What is the hundreds digit of 257370?
3
What is the hundred thousands digit of 20355108?
3
What is the tens digit of 798358?
5
What is the hundreds digit of 3343623?
6
What is the thousands digit of 197186?
7
What is the hundred thousands digit of 2687409?
6
What is the milli